{"id":26,"date":"2018-11-12T18:44:31","date_gmt":"2018-11-12T18:44:31","guid":{"rendered":"http:\/\/drevotvarka.cz\/?page_id=26"},"modified":"2021-02-18T18:11:31","modified_gmt":"2021-02-18T18:11:31","slug":"akce-ceny","status":"publish","type":"page","link":"http:\/\/drevotvarka.cz\/?page_id=26","title":{"rendered":"Ceny"},"content":{"rendered":"<p><b>Vyu\u017eijte v\u010dasn\u00e9 rezervace v\u00fdlet\u016f a \u0161kol v p\u0159\u00edrod\u011b za v\u00fdhodn\u00e9 ceny.<\/b><\/p>\n<p><em>Za\u0161lete n\u00e1m V\u00e1\u0161 po\u017eadavek a my V\u00e1m vypracujeme individu\u00e1ln\u00ed nab\u00eddku.<br \/>\n<\/em><\/p>\n<p><strong><em>Do specifikace uve\u010fte hlavn\u011b: <\/em><\/strong><\/p>\n<p><em>term\u00edn,<\/em><\/p>\n<p><em> po\u010det osob,<\/em><\/p>\n<p><em> zp\u016fsob stravy &#8211; je mo\u017en\u00e1 pouze pln\u00e1 penze<\/em><\/p>\n<p><em> po\u017eadavky na dopl\u0148kov\u00e9 programy ( ve\u010dern\u00ed disko pro d\u011bti, z\u00e1bavn\u00e9 odpoledne pro d\u011bti, mo\u017enost grilov\u00e1n\u00ed, \u2026 )<\/em><\/p>\n","protected":false},"excerpt":{"rendered":"<p>Vyu\u017eijte v\u010dasn\u00e9 rezervace v\u00fdlet\u016f a \u0161kol v p\u0159\u00edrod\u011b za v\u00fdhodn\u00e9 ceny. Za\u0161lete n\u00e1m V\u00e1\u0161 po\u017eadavek a my V\u00e1m vypracujeme individu\u00e1ln\u00ed nab\u00eddku. Do specifikace uve\u010fte hlavn\u011b: term\u00edn, po\u010det osob, zp\u016fsob stravy &#8211; je mo\u017en\u00e1 pouze pln\u00e1 penze po\u017eadavky na dopl\u0148kov\u00e9 programy ( ve\u010dern\u00ed disko pro d\u011bti, z\u00e1bavn\u00e9 odpoledne pro d\u011bti, mo\u017enost grilov\u00e1n\u00ed, \u2026 )\n <a href=\"http:\/\/drevotvarka.cz\/?page_id=26\" class=\"read-more inline\">Read More<\/a><\/p>","protected":false},"author":1,"featured_media":0,"parent":0,"menu_order":6,"comment_status":"closed","ping_status":"closed","template":"","meta":{"ngg_post_thumbnail":0},"_links":{"self":[{"href":"http:\/\/drevotvarka.cz\/index.php?rest_route=\/wp\/v2\/pages\/26"}],"collection":[{"href":"http:\/\/drevotvarka.cz\/index.php?rest_route=\/wp\/v2\/pages"}],"about":[{"href":"http:\/\/drevotvarka.cz\/index.php?rest_route=\/wp\/v2\/types\/page"}],"author":[{"embeddable":true,"href":"http:\/\/drevotvarka.cz\/index.php?rest_route=\/wp\/v2\/users\/1"}],"replies":[{"embeddable":true,"href":"http:\/\/drevotvarka.cz\/index.php?rest_route=%2Fwp%2Fv2%2Fcomments&post=26"}],"version-history":[{"count":5,"href":"http:\/\/drevotvarka.cz\/index.php?rest_route=\/wp\/v2\/pages\/26\/revisions"}],"predecessor-version":[{"id":413,"href":"http:\/\/drevotvarka.cz\/index.php?rest_route=\/wp\/v2\/pages\/26\/revisions\/413"}],"wp:attachment":[{"href":"http:\/\/drevotvarka.cz\/index.php?rest_route=%2Fwp%2Fv2%2Fmedia&parent=26"}],"curies":[{"name":"wp","href":"https:\/\/api.w.org\/{rel}","templated":true}]}}